{"id":61,"date":"2023-08-13T21:58:33","date_gmt":"2023-08-14T00:58:33","guid":{"rendered":"https:\/\/acidh.org.br\/?page_id=61"},"modified":"2023-10-12T00:25:39","modified_gmt":"2023-10-12T03:25:39","slug":"educacao","status":"publish","type":"page","link":"https:\/\/acidh.org.br\/?page_id=61","title":{"rendered":"Educa\u00e7\u00e3o"},"content":{"rendered":"\n<p class=\"has-black-color has-text-color\">A <strong>ACIDH<\/strong> \u2013 <strong><em>Associa\u00e7\u00e3o Centro Integrado para o Desenvolvimento Humano<\/em><\/strong> quanto \u00e0 educa\u00e7\u00e3o tem as seguintes propostas:<\/p>\n\n\n\n<ul>\n<li>Organizar, promover e participar de atividades culturais e educacionais, tais como: treinamentos, confer\u00eancias, semin\u00e1rios, exposi\u00e7\u00f5es e outras formas de divulga\u00e7\u00e3o dos avan\u00e7os t\u00e9cnicos e cient\u00edficos, em suas \u00e1reas de atua\u00e7\u00e3o;<br><\/li>\n\n\n\n<li>Desenvolvimento de qualquer outras atividades<a> <\/a>correlatas, necess\u00e1rias \u00e0 realiza\u00e7\u00e3o dos objetivos da institui\u00e7\u00e3o.<\/li>\n<\/ul>\n","protected":false},"excerpt":{"rendered":"<p>A ACIDH \u2013 Associa\u00e7\u00e3o Centro Integrado para o Desenvolvimento Humano quanto \u00e0 educa\u00e7\u00e3o tem as seguintes propostas:<\/p>\n","protected":false},"author":1,"featured_media":254,"parent":55,"menu_order":3,"comment_status":"closed","ping_status":"closed","template":"","meta":{"footnotes":""},"_links":{"self":[{"href":"https:\/\/acidh.org.br\/index.php?rest_route=\/wp\/v2\/pages\/61"}],"collection":[{"href":"https:\/\/acidh.org.br\/index.php?rest_route=\/wp\/v2\/pages"}],"about":[{"href":"https:\/\/acidh.org.br\/index.php?rest_route=\/wp\/v2\/types\/page"}],"author":[{"embeddable":true,"href":"https:\/\/acidh.org.br\/index.php?rest_route=\/wp\/v2\/users\/1"}],"replies":[{"embeddable":true,"href":"https:\/\/acidh.org.br\/index.php?rest_route=%2Fwp%2Fv2%2Fcomments&post=61"}],"version-history":[{"count":3,"href":"https:\/\/acidh.org.br\/index.php?rest_route=\/wp\/v2\/pages\/61\/revisions"}],"predecessor-version":[{"id":88,"href":"https:\/\/acidh.org.br\/index.php?rest_route=\/wp\/v2\/pages\/61\/revisions\/88"}],"up":[{"embeddable":true,"href":"https:\/\/acidh.org.br\/index.php?rest_route=\/wp\/v2\/pages\/55"}],"wp:featuredmedia":[{"embeddable":true,"href":"https:\/\/acidh.org.br\/index.php?rest_route=\/wp\/v2\/media\/254"}],"wp:attachment":[{"href":"https:\/\/acidh.org.br\/index.php?rest_route=%2Fwp%2Fv2%2Fmedia&parent=61"}],"curies":[{"name":"wp","href":"https:\/\/api.w.org\/{rel}","templated":true}]}}